= -1 - 6*c + 7*c + 4. Let w(q) = 2*q + 7. Let r(y) = -7*b(y) + 3*w(y). Let l(k) = 3*k - 2. Let m(g) = l(g) + 5*r(g). Determine m(-4).
6
Let z(n) be the third derivative of -n**4/24 + n**3/3 + 11*n**2. Let b(h) = h**2 - 4*h - 15. Let q be b(7). Determine z(q).
-4
Let u = 146 + -153. Let t(r) = r**3 + 6*r**2 - 5*r + 5. Give t(u).
-9
Let m(v) = 2*v**3 - v**2 - 11*v + 14. Let w be m(2). Let j(i) be the first derivative of -6*i + 1/2*i**2 + w. What is j(7)?
1
Let f(k) = k + 15. Let y = 229 + -229. What is f(y)?
15
Let p(v) = v**3 + 34*v**2 + 118*v - 70. Let l be p(-30). Let m(d) = d**2 + 8*d + 2. Let u(t) = -2*t**2 - 17*t - 4. Let q(i) = 5*m(i) + 3*u(i). Calculate q(l).
8
Suppose 19*o = 30*o + 22. Let y(w) = -w**2 - w + 1. Let c(u) = 3*u**2 + 2*u - 1. Let v(i) = 3*c(i) + 5*y(i). Calculate v(o).
16
Let y(b) be the first derivative of b**6/360 + b**5/60 - b**4/8 - 26*b**3/3 + 1. Let p(g) be the third derivative of y(g). Give p(-3).
0
Suppose 0 = -4*p + 4 - 8. Let z be ((-9)/3)/(0 + p). Let c(m) be the second derivative of -m**3/6 - 3*m**2/2 - m. Determine c(z).
-6
Let y(x) = -2*x - 5. Suppose 8*n - 3*n = -9*n. Give y(n).
-5
Let o = 50 + -42. Suppose 17*w - 13*w + o = 0. Let j(n) = 4*n**2. Give j(w).
16
Let f(q) be the first derivative of q**2/2 + 9*q - 80. Determine f(-4).
5
Let a(r) = -4 + 0*r - 7*r - r**3 + 0 + 8*r**2. Suppose -1 - 13 = -p. Suppose -p = -2*o - g, o - 5 = 5*g + 2. Give a(o).
-4
Let n(c) = -c**2 - 7*c - 2. Let i(l) = -5*l. Let p(m) = -5*i(m) + 3*n(m). What is p(4)?
-38
Let c be (6/3)/((24/28)/3). Let t(p) = p**2 - 6*p - 2. Determine t(c).
5
Let j be 2/(-4) - (-3)/(-6). Let w(y) = y. Let o(n) = 3*n + 8. Let q(t) = j*o(t) + 2*w(t). Let z(l) = -3*l - 23. Let d(f) = -8*q(f) + 3*z(f). Determine d(-7).
2
Let b(x) = -2*x**2 + 3*x + 11. Let i(r) be the third derivative of r**5/60 - r**4/12 - r**3 + r**2 - 2*r. Let s(v) = -4*b(v) - 7*i(v). Give s(2).
6
Suppose -4*t = -4*t - 6*t. Let q(l) = -l**2 + 7. Calculate q(t).
7
Suppose q + 14 + 0 = 5*g, 3*g - 12 = -3*q. Let k(c) = c + 11. Let a be k(-5). Let j(h) = -2*h - 3*h**2 + 3 - a + 4. Calculate j(q).
-4
Let i(s) = s**2 + s - 22. Suppose -2 = 3*z - 2*z + o, -6 = -z - 3*o. Determine i(z).
8
Let z(c) = -c**3 - c**2 + 3*c - 4. Let q be z(4). Let f be q/(-30)*(-5)/1. Let y(p) = -p - 6. Let w be y(f). Let s(d) = -d. Determine s(w).
-6
Suppose -4*r = -15*r + 22. Let d(b) = 5*b - 5*b**2 + 10 + r*b**2 + 3*b + 2*b**2. Calculate d(9).
1
Suppose -4*k + 10 = -22. Let v(x) = -4 + k*x - 22*x + 0 + 5. What is v(1)?
-13
Let w(a) = 8*a**2 + 8*a**2 + 2 + 4*a - 11*a**2 - a**2. Determine w(-2).
10
Let q(m) = 2*m - 1. Let x(w) = 5*w**2 - 149*w - 27. Let b be x(30). Determine q(b).
5
Suppose 1 = m - 0*m. Let w(l) = -2*l**2 + 4*l**2 - 3*l**2 - m + 10*l - 2*l. Calculate w(8).
-1
Let w(v) = -14*v**2 + 4*v - 1. Suppose -3*y + 6 = 3*y. Determine w(y).
-11
Suppose 49 = -5*a + 9. Let u be -2 - (0 - 5 - -1). Let w(z) = 25*z**u + 2 + 9 - 26*z**2 + 2*z - 8*z. Calculate w(a).
-5
Suppose -129*t + 124*t - 30 = 0. Let g(n) = n + 1. What is g(t)?
-5
Let j be (48/(-72))/(2/(-18)). Let g(z) = z - 5. Determine g(j).
1
Suppose 5 = -p, 0 = -x + 3*p - 0*p + 17. Let v(g) = -3196*g**x + 4 + 8 + 3197*g**2 + g**3. Suppose 0 = b + 4*b. Determine v(b).
12
Let y(b) be the third derivative of -5/6*b**3 + 6*b**2 + 0 + 0*b - 1/40*b**5 + 1/8*b**4. Let i(x) be the first derivative of y(x). Calculate i(2).
-3
Let g(t) = -5*t + 16. Let a(h) = -3*h + 13. Let d(m) = 7*a(m) - 5*g(m). What is d(-3)?
-1
Let h(s) = s**3 - 7*s**2 + 2*s - 3. Suppose -3*i + q - 340 = 0, -q = i + 2*q + 100. Let r be i/40*15/(-6). What is h(r)?
11
Let g(q) = -4. Let n(i) = i + 7. Let y(o) = -g(o) - 4*n(o). Calculate y(-9).
12
Suppose -5*h + 6 = -19. Suppose 5*j - 5*b - h = 0, 5*j + 27 - 8 = -3*b. Let p(w) = -w**3 - 3*w**2 - 2*w - 2. Calculate p(j).
-2
Let p(o) = o**2 - o - 2. Suppose 51*s - 55*s = 0. What is p(s)?
-2
Let c(n) = -5*n**2 - 4*n - 4. Suppose -3*r = 3*o + 9, 0 = -2*r - 9*o + 14*o - 13. What is c(r)?
-68
Suppose -2*k - 10 = -2*p, 2 + 5 = 3*p + k. Let m(x) = p - 68*x + x**3 + 6 + 70*x + 9*x**2. What is m(-9)?
-9
Let a(b) = b**2 - 2*b + 1. Let i be a(3). Suppose 4*f = -2*n - i, -f = -4*n + 3*f - 8. Let x(p) = -1 - p**2 - 2*p**2 + p**3 + 6*p**2 + p. What is x(n)?
1
Let l(i) be the second derivative of -1/6*i**3 + 1/2*i**4 + 0 - 7/2*i**2 - 1/20*i**5 + 3*i. Determine l(5).
13
Suppose 6*x - 2*j - 6 = 7*x, 3*j = -4*x + 1. Let c(b) = b**2 - 5*b + 10. Calculate c(x).
6
Let u(s) be the second derivative of -3/2*s**2 + 1/3*s**3 - s + 1/8*s**4 + 0. Let g(b) be the first derivative of u(b). What is g(2)?
8
Let c(z) = -z**3 - 8*z**2 - 8*z + 2. Let n(w) = w + 14*w**2 + 11*w**2 - 24*w**2. Let k(u) = -c(u) - n(u). Calculate k(-6).
-8
Let n(k) = k**2 - 9*k + 6. Let p(d) = -5*d - 19. Let v be p(-5). Give n(v).
-12
Let q(p) = -p**3 + 7*p**2 + 7*p + 0*p**2 + 0*p + p + 11. Suppose -4*i + 10 = 2*x - 7*i, 0 = x - 4*i. Give q(x).
11
Let b(i) = 5*i + 45. Let k(o) = -4*o - 41. Let x(w) = -5*b(w) - 6*k(w). Calculate x(0).
21
Let d(g) = -15*g**2 - 4*g - 4. Let i(q) = -43*q**2 - 11*q - 11. Let a(r) = 8*d(r) - 3*i(r). Give a(-1).
9
Let s(x) = x**3 + 6*x**2 + 4*x - 1. Let c be s(-5). Let v be c + 2 + 0 + -2. Suppose -v*j + 30 = 10. Let g(b) = b**3 - 6*b**2 + 5*b - 5. Give g(j).
-5
Let d(o) = 3*o - 5. Let b = -42 + 47. What is d(b)?
10
Suppose 0 = -2*w + 17 - 29. Let l(y) = y**2 + 3*y + 13. Determine l(w).
31
Let x(u) = 7*u**2 + 7*u + 5. Let p(r) = 2*r**2 + r + 1. Let j(c) = 6*p(c) - x(c). What is j(2)?
19
Let l(u) be the first derivative of -u**2/2 + 15*u - 148. Give l(10).
5
Let g(d) = -d**3 - 3*d**2 + 4*d - 17. Let r be g(0). Let j(i) = -2*i - 43. Calculate j(r).
-9
Suppose 3*x = 0, -4*x - 8 = r - 5*r. Suppose 0 = 2*s + 3*z + z - r, 4*s = 4*z - 20. Let u(c) = -3*c - 2. Determine u(s).
7
Let g(z) = -z**2 - 4*z - 2. Suppose 29*v + 13 = -103. Give g(v).
-2
Suppose 5*h + 0*h = -2*l + 24, 4*h + 5*l = 9. Let a(o) be the first derivative of -1/2*o**2 - 3 - o. Determine a(h).
-7
Let t(c) = 6*c + 316*c**3 + 4 - 317*c**3 - 3. What is t(-4)?
41
Let f = -15 + 21. Suppose -f = -5*p - 21. Let c(t) = -t. Let g(j) = -j + 7. Let l(h) = -2*c(h) + g(h). Determine l(p).
4
Let h = 44 - -47. Let p(u) = 92*u - 3 + 4 - h*u. Determine p(5).
6
Let l be (-1)/(4/(-188 - 0)). Suppose -4*d - l = -75. Let o(v) be the second derivative of v**4/12 - 3*v**3/2 + 7*v**2/2 - v. Give o(d).
-7
Let k = 56 - 54. Suppose 2*q + k*q = -q. Let x(m) be the third derivative of m**5/60 + m**4/24 + 4*m**3/3 + m**2. Determine x(q).
8
Let q(v) = v**3 - v**2 - 3*v - 2. Let j = 46 - 42. Suppose j*k + 1 = 13. What is q(k)?
7
Let m = -23 - -25. Let d(b) = 0*b**2 - 90*b - 3 + 92*b - 3*b**2. Determine d(m).
-11
Suppose 238*o + 1274 = -868. Let z(g) = 9*g + 15. Let y(p) = -5*p - 7. Let u(j) = -5*y(j) - 3*z(j). Calculate u(o).
8
Let s(w) be the second derivative of w**3/6 + 3*w**2 - 7*w. Suppose 0 = 36*l - 34*l. Give s(l).
6
Let t(u) = 9*u**3 + 12*u**2 - 5*u - 6. Let w(f) = -5*f**3 - 6*f**2 + 3*f + 3. Let c(p) = -4*t(p) - 7*w(p). Let i = 57 - 107. Let l = i + 44. Determine c(l).
9
Let v(l) = -5*l**3 + 12*l**2 - 8*l + 12. Let t(k) = 14*k**3 - 35*k**2 + 23*k - 35. Suppose 11*a - 9 + 196 = 0. Let x(m) = a*v(m) - 6*t(m). Determine x(-6).
18
Let i(y) = 1476 - 2*y - 1477 + 3*y**2 + 0*y - 3*y**2 - 13*y**3 - 2*y**2. What is i(-1)?
12
Let w(k) = 2*k**3 - 3*k**2. Suppose 0 = -5*r - n + 90 + 9, -57 = -3*r - 3*n. Suppose -3*u = 2*u - r. Let d = u - 2. Give w(d).
4
Let q(x) = -x**2 - 7*x + 4. Suppose -5*g + 6 = -3*c, 55 - 5 = -5*c - 5*g. Let z be q(c). Let a(y) = 4*y - 7*y + z*y - y**2 - 8 + y**3. Determine a(0).
-8
Let o(g) = 40*g**2 - 17*g + 20. Let z(c) = -22*c**2 + 9*c - 10. Let p(m) = 6*o(m) + 11*z(m). Determine p(-3).
1
Suppose 3*i + 9 - 18 = 0. Suppose 0 = 6*l - 7*l - i. Let b(h) = h**3 + 2*h**2 - 3*h + 2. Let t be b(l). Let k(f) = f - 2. Calculate k(t).
0
Let h be -2*(-2)/(-8)*-6. Let d(f) = 16*f - 19. Let x(w) = -46*w + 55. Let m(k) = -17*d(k) - 6*x(k). Give m(h).
5
Let p(a) = -4*a + 4. Let o(f) = 5*f - 5. Let c(h) = 5*o(h) + 6*p(h). Let l be c(6). Let j(n) = -n**2 + 2*n + 4. Determine j(l).
-11
Let t(v) = -v + 1. Suppose 0 = -a + 2*h - 10, -a - 4*h = -0*h + 22. Let u = 19 + a. What is t(u)?
-4
Let i(a) = -a - 1. Let c be (-1 + 11)/(-5)*-3. What is i(c)?
